 (((-12)/10)/2)/(24/x). Suppose n*s = y - 502, -y - 4*s = 43 - 524. Is y prime?
False
Is (65353 + 0)*(-24)/(-24) a prime number?
True
Suppose -17*d + 5*d = 0. Let n(g) = 568 + 5*g - 49 - g. Is n(d) a composite number?
True
Let o(d) be the third derivative of d**6/8 + d**4/12 - d**3/3 - 21*d**2. Let s(x) = -x**3 + x - 1. Let p(v) = o(v) + 4*s(v). Is p(5) composite?
False
Let r be (-1)/(-6) + 525/90. Suppose -r*j + 3769 = -12401. Suppose 2*s + l = 4*s - 1343, j = 4*s + l. Is s a composite number?
False
Let t(w) = -350*w**3 + 22*w**2 - 10*w - 113. Is t(-11) a composite number?
False
Suppose 4*o + 16 = 2*w, -3*o - 12 = -14*w + 9*w. Suppose w = 3*l + u - 4684, -3121 = -3*l + l + u. Is l a composite number?
True
Suppose 8*x - 212882 = 332246. Is x a composite number?
False
Let u(x) = 948*x**2 + 73*x - 4. Suppose 3*g - 6 = 3*h, 0 = 3*h + g + 2 + 8. Is u(h) a composite number?
True
Suppose -746248 = -3*f - 5*i, 3*i = -16*f + 17*f - 248782. Is f prime?
False
Suppose 10*q - 6*q = 32. Suppose 2*m - 746 = 5*g - q*g, -5*m - 4*g + 1865 = 0. Is (3 + (0 - 2))/(1/m) composite?
False
Let v(s) = 133*s**2 - 6*s + 4. Let l be (-2 - 8/(-3)) + (-52)/(-12). Is v(l) prime?
True
Let g(v) = 5*v + 60. Let z be g(-12). Suppose z*u - 10174 = 5*b - 2*u, 4*b + 3*u + 8130 = 0. Let d = b + 3541. Is d composite?
True
Suppose 5322359 + 2887934 = 37*a - 9753540. Is a a composite number?
False
Let f(x) = -3*x - 42. Let o be f(-14). Suppose -15 + 3 = -4*n, o = -p + n + 55. Is p composite?
True
Suppose 0 = 3*b + 15, 2*b = 4*u + 7001 - 25879. Is u a composite number?
True
Let y(g) = 2*g - 13. Let w be y(6). Let b be (-1 - 4 - w) + 0/(-8). Is 2/2*b - -215 prime?
True
Let k be 2*-1*(-5 + (-192250)/20). Suppose 0 = 4*m - 113 - k. Is m a prime number?
False
Is 2*80904 - (-333 + 326) a composite number?
True
Suppose 0 = -2*u - 3*x + 55219, 42*u = 38*u + 4*x + 110448. Is u composite?
False
Suppose -16 + 53 = 5*r - 2*v, -23 = -3*r + v. Suppose 2*c + 5 = r. Suppose 6638 = 4*t - c*w, -t - 4*w = -0*w - 1637. Is t prime?
True
Suppose -709*c + 218306 = -687*c. Is c a prime number?
True
Let j be (181/(-2))/((-10)/100). Let k = -166 + j. Is k a prime number?
True
Let u = -185204 - -863682. Is u a prime number?
False
Suppose -4*f - 15867 = -r + 4696, -3*r + 2*f = -61709. Suppose 0 = -v, -4*o + r = 5*v + 5407. Is o a prime number?
False
Suppose -4*l = -2*l + 32. Let g(u) = u**3 + 22*u**2 - u - 39. Is g(l) composite?
True
Let a be 110/(-33)*1*-3. Suppose -5*j - 425 = -a*j. Is 11/(((-20)/j)/(-4)) a prime number?
False
Suppose 104*u - 2705 = 99*u. Suppose 74*d - 75*d + u = 0. Is d composite?
False
Suppose 37 = 3*w - 8. Suppose 14*j = w*j - 4073. Is j prime?
True
Suppose -72*b + 448666 = -1573166. Is b prime?
True
Let r(y) = -2*y - 24. Suppose 5*z = -2*b - 57, 84 - 28 = -4*z + b. Let t be r(z). Suppose t*a - 88 = 868. Is a a prime number?
False
Let r = -4420 - 324. Let d = r + 20925. Is d a prime number?
False
Let q be (9 - -6)*(1 + -9). Is -6*5/q*45020 prime?
False
Let q(d) = -4*d - 60. Let i be q(-15). Suppose -18 = -6*j - i*j. Is (-95)/10*-21 - j/6 composite?
False
Let u = 33805 - -6086. Is u a composite number?
True
Let a = -138936 + 196667. Is a prime?
True
Suppose 264*w - 260*w - 508336 = 3*u, 0 = 5*w - 5*u - 635415. Is w prime?
False
Suppose 12139 = 4*d - 5*h, 0 = 5*d + 4*d - 4*h - 27349. Is d prime?
True
Let d be (-4 - -1)/(15/(-5)) + 34. Let p = 40 - d. Suppose 5*l + 2*g + 2*g - 1685 = 0, p*g = -2*l + 657. Is l a prime number?
False
Let v = 9811 - -32116. Is v prime?
True
Suppose 6*f - 105*f = -4578057. Is f a prime number?
False
Suppose 0 = 2*g - 4, -18*g = 3*r - 14*g - 113549. Is r a composite number?
False
Suppose 0 = 2*a + 17*m - 16*m + 352, 3*a = 4*m - 517. Let r = 221 - -180. Let t = r + a. Is t composite?
True
Is 145286/(146/(-803)*(1 + -12)) a composite number?
False
Suppose -11*v + 1314334 = 4*g - 12*v, 3*g = 3*v + 985755. Is g a prime number?
False
Let l = -46349 + 65675. Let g = l + -9898. Suppose 0*y + 4*y - 7085 = -3*a, -4*a + g = -4*y. Is a prime?
False
Let g(b) = 112*b**3 + b**2 - 40*b - 35. Is g(16) a composite number?
False
Let i(j) = -j**3 + j**2 - 2*j + 3. Let r be (2 + -2)/(-4)*1/4. Let m be i(r). Suppose -5*s - 4*z + 570 = z, 3*s - m*z = 324. Is s prime?
False
Let q = -448161 - -924574. Is q prime?
False
Suppose 10*y - 68044 = 55146. Is y a composite number?
True
Let q be (-3)/(-1 + -2) - (2 + -16). Suppose -10*r = -q*r - 10. Is 42796/39 - r/(-6) a prime number?
True
Let o = -999 - -4205. Suppose -13*a = -6*a - o. Is a a composite number?
True
Let z be 1/(5/15)*1/3. Let j be (3 + -4)*-1*(12 - z). Suppose -x = -j*x + 9910. Is x prime?
True
Is 1084036815/(-474)*(-2)/15 a prime number?
True
Let c(k) = -19888*k - 34. Let p be c(-2). Suppose 8*b - 154 = p. Is b prime?
True
Suppose 2*z + 3*a - 405 = 0, 728 + 273 = 5*z - 4*a. Suppose 0 = -4*y - 3*u - z, 4*y = 3*u + 22 - 253. Let j = 685 + y. Is j a prime number?
True
Let c be (168/70)/(8/30). Suppose 14*s - c*s = 9070. Is s a prime number?
False
Let o be 5899 + (-2 - ((7 - 3) + -5)). Suppose 123*h - o = 117*h. Is h a prime number?
True
Let f be 68035/15 - (-2)/(-3). Let p = f + -769. Suppose -p = -7*h - 567. Is h a composite number?
False
Let b be (0 + -2)/(10/(-55395)*1). Suppose -18455 = 5*v - 10*v + 5*c, 3*v - c = b. Is v a prime number?
False
Let w(f) = f**3 + 5*f**2 - 16*f - 10. Let p be w(-7). Suppose -p*l + 1242 = -986. Is l composite?
False
Suppose c + m + 42 = -1, -5*c + 2*m - 208 = 0. Is 5355 - c/(-6)*2/(-7) composite?
True
Suppose -t - 58038 = -148081. Is t composite?
True
Suppose 86*b - 3*c = 82*b + 2279465, 4*c + 2279472 = 4*b. Is b prime?
True
Let o = -3 - 14. Let q = o - 68. Let l = 467 + q. Is l a composite number?
True
Suppose -3*o - 12 = 3*o. Let c be (20/(-15))/(o/1257). Suppose 0 = -6*q + 4*q + c. Is q a composite number?
False
Let k(q) = -7. Let w(t) = -3. Let i(n) = -2*k(n) + 5*w(n). Let y(u) = 378*u**3 - u**2 + 3*u + 5. Let v(f) = -2*i(f) - y(f). Is v(-1) composite?
False
Let s be 6 + -5 + 4 + -889 + -2. Is 3 + 2 - s*(11 - -1) prime?
False
Let a(j) = 4081*j**2 + 2*j + 101. Is a(8) composite?
False
Suppose 3*q = r + 229, 12*r = -4*q + 10*r + 292. Suppose 0 = q*n - 62*n - 15223. Is n a prime number?
True
Is 4/(-5) + 36983687/65 a composite number?
False
Let z(i) = 7*i - 2. Let r be z(1). Suppose -2*c = -6*c + 3*g + 18, -c + r = -g. Is 4983/(9/c) + 4/(-1) composite?
False
Suppose -314*i + 304*i = -60. Suppose z - 13742 = 3*f, 10*f - i*f - 41187 = -3*z. Is z a composite number?
True
Let y be 1 + 15/2 + 1/(-2). Is ((-38)/57 + y/(-6))/(-1) prime?
True
Let v = -77 + 301. Suppose -v*l - 29972 = -228*l. Is l a prime number?
False
Let j = -105 - -57. Is 1/6 + (-4)/j*6202 prime?
False
Let q be 2 + (-5 - -7) + -3 + 2. Suppose -y = 3*g - q*y + 951, -4*g - 1268 = -2*y. Let f = 616 + g. Is f a prime number?
False
Let s = -171 - -1214. Suppose -2*m = 5*m - s. Is m prime?
True
Suppose 9*j + 65 = 8*j. Let s = j - -68. Suppose 5*a + 5070 = w, 3*w - 15310 = -s*a - 2*a. Is w a prime number?
False
Let y(g) = g**2 - 20*g - 115. Let o be y(-5). Is ((-17448)/(-30))/(4/o) a composite number?
True
Let r = -4960 - -523787. Is r a composite number?
True
Let w(i) = 10519*i**2 - 12*i - 56. Is w(-7) prime?
False
Let i = -42601 + 86316. Let d be (18/15)/(14/i). Let f = -1510 + d. Is f a composite number?
False
Let s = -802 - -802. Suppose h + 3*p - 3329 = s, 5*h + p = -p + 16580. Is h a prime number?
False
Let j(w) = w**3 - 23*w**2 + 22*w - 1. Let t be j(22). Is (629 - (t + 0)) + 8/8 a prime number?
True
Let z be 196/((-5)/(26685/(-18))). Suppose 822 = 8*q - z. Is q composite?
True
Suppose 3*c = x + 458, 0 = 5*c - 2*c - 5*x - 454. Suppose 161*a = c*a + 12680. Is a prime?
False
Let z be 0 + 3 - (8 + -6). Suppose 4*q - s - 11 = 0, -4*q = 3*s - 0*s + z. Suppose 2*f - 1303 = -0*f + c, -q*c = -6. Is f a prime number?
True
Suppose -2*o - 2 = -48. Let q = 75 - 76. Let f = o + q. Is f a composite number?
True
Let u(w) = -1266*w - 44. Let j be u(-4). Let l = j - 2733. Is l a composite number?
False
Suppose 28290 + 52376 = o - 55656. Is o a prime number?
False
Let r = 16673 + -418. Is r a composite number?
True
Suppose 32*s = 27*s + 3*h + 1858633, 3*s + 2*h - 1115195 = 0. Is s prime?
False
Suppose -9502 = -2*r - 3*l + 7*l, 0 = r + 4*l - 4727. Su